{"id":1441,"date":"2022-03-10T15:17:17","date_gmt":"2022-03-10T14:17:17","guid":{"rendered":"https:\/\/mediacine.club\/?page_id=1441"},"modified":"2022-03-10T15:20:29","modified_gmt":"2022-03-10T14:20:29","slug":"mentions-legales","status":"publish","type":"page","link":"https:\/\/mediacine.club\/?page_id=1441","title":{"rendered":"Mentions l\u00e9gales"},"content":{"rendered":"\t\t<div data-elementor-type=\"wp-page\" data-elementor-id=\"1441\" class=\"elementor elementor-1441\" data-elementor-settings=\"[]\">\n\t\t\t\t\t\t\t<div class=\"elementor-section-wrap\">\n\t\t\t\t\t\t\t<section class=\"elementor-section elementor-top-section elementor-element elementor-element-b2569f6 elementor-section-boxed elementor-section-height-default elementor-section-height-default\" data-id=\"b2569f6\" data-element_type=\"section\">\n\t\t\t\t\t\t<div class=\"elementor-container elementor-column-gap-default\">\n\t\t\t\t\t<div class=\"elementor-column elementor-col-100 elementor-top-column elementor-element elementor-element-d4c7a72\" data-id=\"d4c7a72\" data-element_type=\"column\">\n\t\t\t<div class=\"elementor-widget-wrap elementor-element-populated\">\n\t\t\t\t\t\t\t\t<div class=\"elementor-element elementor-element-e7b7685 elementor-widget elementor-widget-text-editor\" data-id=\"e7b7685\" data-element_type=\"widget\" data-widget_type=\"text-editor.default\">\n\t\t\t\t<div class=\"elementor-widget-container\">\n\t\t\t<style>\/*! elementor - v3.5.6 - 28-02-2022 *\/\n.elementor-widget-text-editor.elementor-drop-cap-view-stacked .elementor-drop-cap{background-color:#818a91;color:#fff}.elementor-widget-text-editor.elementor-drop-cap-view-framed .elementor-drop-cap{color:#818a91;border:3px solid;background-color:transparent}.elementor-widget-text-editor:not(.elementor-drop-cap-view-default) .elementor-drop-cap{margin-top:8px}.elementor-widget-text-editor:not(.elementor-drop-cap-view-default) .elementor-drop-cap-letter{width:1em;height:1em}.elementor-widget-text-editor .elementor-drop-cap{float:left;text-align:center;line-height:1;font-size:50px}.elementor-widget-text-editor .elementor-drop-cap-letter{display:inline-block}<\/style>\t\t\t\t<p><span style=\"font-size: 1rem; color: var( --e-global-color-text );\">Le pr\u00e9sent site M\u00e9dia Cin\u00e9 est la propri\u00e9t\u00e9 de la soci\u00e9t\u00e9 Transpress M\u00e9dia.<\/span><\/p><p><span style=\"font-size: 1rem; color: var( --e-global-color-text );\">2, Passage Flourens 75017 Paris<\/span><\/p><p><span style=\"font-size: 1rem; color: var( --e-global-color-text );\">Directeur de la publication : Alexandre Lichan<\/span><\/p><p><span style=\"font-size: 1rem; color: var( --e-global-color-text );\">H\u00e9bergeur : OXIBOX SAS<\/span><\/p>\t\t\t\t\t\t<\/div>\n\t\t\t\t<\/div>\n\t\t\t\t\t<\/div>\n\t\t<\/div>\n\t\t\t\t\t\t\t<\/div>\n\t\t<\/section>\n\t\t\t\t\t\t<\/div>\n\t\t\t\t\t<\/div>\n\t\t","protected":false},"excerpt":{"rendered":"<p>Le pr\u00e9sent site M\u00e9dia Cin\u00e9 est la propri\u00e9t\u00e9&hellip;<\/p>\n","protected":false},"author":1,"featured_media":0,"parent":0,"menu_order":0,"comment_status":"closed","ping_status":"closed","template":"","meta":[],"_links":{"self":[{"href":"https:\/\/mediacine.club\/index.php?rest_route=\/wp\/v2\/pages\/1441"}],"collection":[{"href":"https:\/\/mediacine.club\/index.php?rest_route=\/wp\/v2\/pages"}],"about":[{"href":"https:\/\/mediacine.club\/index.php?rest_route=\/wp\/v2\/types\/page"}],"author":[{"embeddable":true,"href":"https:\/\/mediacine.club\/index.php?rest_route=\/wp\/v2\/users\/1"}],"replies":[{"embeddable":true,"href":"https:\/\/mediacine.club\/index.php?rest_route=%2Fwp%2Fv2%2Fcomments&post=1441"}],"version-history":[{"count":8,"href":"https:\/\/mediacine.club\/index.php?rest_route=\/wp\/v2\/pages\/1441\/revisions"}],"predecessor-version":[{"id":1449,"href":"https:\/\/mediacine.club\/index.php?rest_route=\/wp\/v2\/pages\/1441\/revisions\/1449"}],"wp:attachment":[{"href":"https:\/\/mediacine.club\/index.php?rest_route=%2Fwp%2Fv2%2Fmedia&parent=1441"}],"curies":[{"name":"wp","href":"https:\/\/api.w.org\/{rel}","templated":true}]}}